{"id":258,"date":"2024-03-20T18:27:18","date_gmt":"2024-03-20T18:27:18","guid":{"rendered":"https:\/\/www.tbointernet.ie\/?page_id=258"},"modified":"2024-05-21T22:15:53","modified_gmt":"2024-05-21T20:15:53","slug":"ciberseguridad","status":"publish","type":"page","link":"https:\/\/www.tbointernet.es\/index.php\/director-de-sistemas\/ciberseguridad\/","title":{"rendered":"Ciberseguridad"},"content":{"rendered":"\n<div style=\"--tw-animation-delay:0.3s;\" class=\"wp-block-group alignfull has-base-2-background-color has-background is-vertical is-content-justification-left is-nowrap is-layout-flex wp-container-core-group-is-layout-b9305f23 wp-block-group-is-layout-flex tw-block-animation tw-animation-scale-in\">\n<div class=\"wp-block-media-text alignwide has-media-on-the-right is-stacked-on-mobile is-style-tw-shadow has-base-background-color has-background tw-block-animation tw-animation-scale-in tw-duration-4\" style=\"--tw-animation-delay:0.5s;margin-top:80px;grid-template-columns:auto 60%\"><div class=\"wp-block-media-text__content\">\n<h3 class=\"wp-block-heading\">Ciberseguridad Total Security PYME<\/h3>\n\n\n\n<p>Una soluci\u00f3n completa, instalada, configurada y supervisada por nuestro equipo y especialmente dise\u00f1ada para proteger su PYME, de la mano de  Watchguard. <\/p>\n\n\n\n<p>Prot\u00e9jase contra los ciberdelincuentes cumpliendo con la normativa GDPR.<\/p>\n<\/div><figure class=\"wp-block-media-text__media\"><img loading=\"lazy\" decoding=\"async\" width=\"800\" height=\"601\" src=\"https:\/\/www.tbointernet.ie\/wp-content\/uploads\/2024\/03\/watch-giard-logo-gometric-lion.png\" alt=\"\" class=\"wp-image-264 size-full\" srcset=\"https:\/\/www.tbointernet.es\/wp-content\/uploads\/2024\/03\/watch-giard-logo-gometric-lion.png 800w, https:\/\/www.tbointernet.es\/wp-content\/uploads\/2024\/03\/watch-giard-logo-gometric-lion-300x225.png 300w, https:\/\/www.tbointernet.es\/wp-content\/uploads\/2024\/03\/watch-giard-logo-gometric-lion-768x577.png 768w\" sizes=\"auto, (max-width: 800px) 100vw, 800px\" \/><\/figure><\/div>\n<\/div>\n\n\n\n<div class=\"wp-block-group alignfull has-base-2-background-color has-background has-global-padding is-layout-constrained wp-block-group-is-layout-constrained\">\n<div class=\"wp-block-group alignfull has-base-2-background-color has-background has-global-padding is-layout-constrained wp-block-group-is-layout-constrained\">\n<div class=\"wp-block-columns alignwide tw-cols-stack-md-2 is-layout-flex wp-container-core-columns-is-layout-fa6b1ff9 wp-block-columns-is-layout-flex\">\n<div class=\"wp-block-column has-base-background-color has-background is-layout-flow wp-block-column-is-layout-flow\" style=\"padding-top:24px;padding-right:24px;padding-bottom:24px;padding-left:24px\">\n<figure class=\"wp-block-image size-full\"><img loading=\"lazy\" decoding=\"async\" width=\"541\" height=\"349\" src=\"https:\/\/www.tbointernet.ie\/wp-content\/uploads\/2024\/04\/IT_Ops_Image.webp\" alt=\"\" class=\"wp-image-371\" srcset=\"https:\/\/www.tbointernet.es\/wp-content\/uploads\/2024\/04\/IT_Ops_Image.webp 541w, https:\/\/www.tbointernet.es\/wp-content\/uploads\/2024\/04\/IT_Ops_Image-300x194.webp 300w\" sizes=\"auto, (max-width: 541px) 100vw, 541px\" \/><\/figure>\n\n\n\n<h3 class=\"wp-block-heading has-large-font-size\">Nuestro Equipo Total Security<\/h3>\n\n\n\n<p>Con la suite de total security estar\u00e1 protegido y actualizado. Estos son los servicios que incluimos: Servicio de prevenci\u00f3n de intrusiones (IPS), Servicio de reputaci\u00f3n de p\u00e1ginas web (RED), Filtro de bloqueo de p\u00e1ginas web, Control de aplicaciones, Antivirus (GAV), Control de SPAM y Protecci\u00f3n de malware avanzado (APT).<\/p>\n<\/div>\n\n\n\n<div class=\"wp-block-column has-base-background-color has-background is-layout-flow wp-block-column-is-layout-flow\" style=\"padding-top:24px;padding-right:24px;padding-bottom:24px;padding-left:24px\">\n<figure class=\"wp-block-image size-full\"><img loading=\"lazy\" decoding=\"async\" width=\"541\" height=\"349\" src=\"https:\/\/www.tbointernet.ie\/wp-content\/uploads\/2024\/04\/DNS_GO_Img.webp\" alt=\"\" class=\"wp-image-372\" srcset=\"https:\/\/www.tbointernet.es\/wp-content\/uploads\/2024\/04\/DNS_GO_Img.webp 541w, https:\/\/www.tbointernet.es\/wp-content\/uploads\/2024\/04\/DNS_GO_Img-300x194.webp 300w\" sizes=\"auto, (max-width: 541px) 100vw, 541px\" \/><\/figure>\n\n\n\n<h3 class=\"wp-block-heading has-large-font-size\">Servicios de seguridad actualizados<\/h3>\n\n\n\n<p>El servicio de WatchGuard DNSWatch reduce las infecciones de malware mediante la detecci\u00f3n y el bloqueo de solicitudes DNS maliciosas, lo que mejora su capacidad para proteger a los empleados de los ataques de phishing. Este servicio nuevo ya se incluye en la suite Total Security para la pyme.<\/p>\n<\/div>\n\n\n\n<div class=\"wp-block-column has-base-background-color has-background is-layout-flow wp-block-column-is-layout-flow\" style=\"padding-top:24px;padding-right:24px;padding-bottom:24px;padding-left:24px\">\n<figure class=\"wp-block-image size-full\"><img loading=\"lazy\" decoding=\"async\" width=\"468\" height=\"298\" src=\"https:\/\/www.tbointernet.ie\/wp-content\/uploads\/2024\/04\/blurb_Protection_Detection_Response_0.webp\" alt=\"\" class=\"wp-image-369\" srcset=\"https:\/\/www.tbointernet.es\/wp-content\/uploads\/2024\/04\/blurb_Protection_Detection_Response_0.webp 468w, https:\/\/www.tbointernet.es\/wp-content\/uploads\/2024\/04\/blurb_Protection_Detection_Response_0-300x191.webp 300w\" sizes=\"auto, (max-width: 468px) 100vw, 468px\" \/><\/figure>\n\n\n\n<h3 class=\"wp-block-heading has-large-font-size\">App Endpoint Security equipos TI&nbsp;<\/h3>\n\n\n\n<p>Arquitectura de seguridad unificada, permite a los equipos de TI una protecci\u00f3n integral. Las caracter\u00edsticas de la plataforma incluyen, WatchGuard Cloud, que ofrece automatizaci\u00f3n operativa, administraci\u00f3n centralizada, visibilidad e informes; ThreatSync, una verdadera soluci\u00f3n XDR<\/p>\n<\/div>\n<\/div>\n<\/div>\n\n\n\n<div class=\"wp-block-columns alignwide tw-cols-stack-md-2 is-layout-flex wp-container-core-columns-is-layout-fa6b1ff9 wp-block-columns-is-layout-flex\">\n<div class=\"wp-block-column has-base-background-color has-background is-layout-flow wp-block-column-is-layout-flow\" style=\"padding-top:24px;padding-right:24px;padding-bottom:24px;padding-left:24px\">\n<figure class=\"wp-block-image size-full\"><img loading=\"lazy\" decoding=\"async\" width=\"473\" height=\"318\" src=\"https:\/\/www.tbointernet.ie\/wp-content\/uploads\/2024\/04\/correlation-advanced-security.webp\" alt=\"\" class=\"wp-image-377\" srcset=\"https:\/\/www.tbointernet.es\/wp-content\/uploads\/2024\/04\/correlation-advanced-security.webp 473w, https:\/\/www.tbointernet.es\/wp-content\/uploads\/2024\/04\/correlation-advanced-security-300x202.webp 300w\" sizes=\"auto, (max-width: 473px) 100vw, 473px\" \/><\/figure>\n\n\n\n<h3 class=\"wp-block-heading has-large-font-size\">Seguridad para cumplir con&nbsp;el&nbsp;GDPR<\/h3>\n\n\n\n<p>L<em>a privacidad de los datos es un objetivo prioritario para las empresas en la actualidad. Cumplir con el GDPR tambi\u00e9n tiene un efecto positivo en la salud financiera de una organizaci\u00f3n. Seg\u00fan el informe Total Economic Impact (TEI) de Forrester, las empresas que invirtieron en seguridad de datos experimentaron un Retorno de la Inversi\u00f3n (ROI) del 152 % y recuperaron los costes de inversi\u00f3n en menos de 6 meses.<\/em><\/p>\n<\/div>\n\n\n\n<div class=\"wp-block-column has-base-background-color has-background is-layout-flow wp-block-column-is-layout-flow\" style=\"padding-top:24px;padding-right:24px;padding-bottom:24px;padding-left:24px\">\n<figure class=\"wp-block-image size-full\"><img loading=\"lazy\" decoding=\"async\" width=\"473\" height=\"318\" src=\"https:\/\/www.tbointernet.ie\/wp-content\/uploads\/2024\/04\/AI_powered-advanced-security.webp\" alt=\"\" class=\"wp-image-375\" srcset=\"https:\/\/www.tbointernet.es\/wp-content\/uploads\/2024\/04\/AI_powered-advanced-security.webp 473w, https:\/\/www.tbointernet.es\/wp-content\/uploads\/2024\/04\/AI_powered-advanced-security-300x202.webp 300w\" sizes=\"auto, (max-width: 473px) 100vw, 473px\" \/><\/figure>\n\n\n\n<h3 class=\"wp-block-heading has-large-font-size\">WatchGuard SOC, expertos a su servicio<\/h3>\n\n\n\n<p>Operado por expertos experimentados en ciberseguridad armados con an\u00e1lisis de seguridad, aprendizaje autom\u00e1tico\/IA e inteligencia sobre amenazas l\u00edderes en la industria, mantiene seguros a los clientes de MSP. El equipo monitorea, busca, detecta y contiene constantemente las amenazas que acechan en sus puntos finales las 24 horas del d\u00eda, mientras eval\u00faa su superficie de ataque para fortalecer la postura de seguridad y mejorar su resistencia a las amenazas.<\/p>\n<\/div>\n\n\n\n<div class=\"wp-block-column has-base-background-color has-background is-layout-flow wp-block-column-is-layout-flow\" style=\"padding-top:24px;padding-right:24px;padding-bottom:24px;padding-left:24px\">\n<figure class=\"wp-block-image size-full\"><img loading=\"lazy\" decoding=\"async\" width=\"473\" height=\"318\" src=\"https:\/\/www.tbointernet.ie\/wp-content\/uploads\/2024\/04\/Cloud_Sandboxing-advanced-security.webp\" alt=\"\" class=\"wp-image-376\" srcset=\"https:\/\/www.tbointernet.es\/wp-content\/uploads\/2024\/04\/Cloud_Sandboxing-advanced-security.webp 473w, https:\/\/www.tbointernet.es\/wp-content\/uploads\/2024\/04\/Cloud_Sandboxing-advanced-security-300x202.webp 300w\" sizes=\"auto, (max-width: 473px) 100vw, 473px\" \/><\/figure>\n\n\n\n<h3 class=\"wp-block-heading has-large-font-size\">Desenmascarar amenazas ocultas antes de que ataquen<\/h3>\n\n\n\n<p>Organizaciones de todos los tama\u00f1os se han visto plagadas de ataques sofisticados que evaden las defensas tradicionales basadas en firmas, WatchGuard APT Blocker pone fin a estas amenazas persistentes y de r\u00e1pido movimiento mediante el uso de un espacio aislado en la nube de pr\u00f3xima generaci\u00f3n que simula hardware f\u00edsico, exponiendo malware dise\u00f1ado para evadir las defensas de seguridad de red tradicionales.<\/p>\n<\/div>\n<\/div>\n\n\n\n<p><\/p>\n<\/div>\n\n\n\n<p><\/p>\n\n\n\n<div class=\"wp-block-cover alignfull is-style-tw-border-inner has-white-color has-text-color wp-duotone-duotone-1\" style=\"padding-top:0;padding-bottom:0;min-height:314px;aspect-ratio:unset;\"><span aria-hidden=\"true\" class=\"wp-block-cover__background has-background-dim\" style=\"background-color:#833635\"><\/span><img loading=\"lazy\" decoding=\"async\" width=\"2560\" height=\"715\" sizes=\"auto, (max-width: 799px) 200vw,(max-width: 2560px) 100vw,2560px\" class=\"wp-block-cover__image-background wp-image-398\" alt=\"\" src=\"https:\/\/www.tbointernet.ie\/wp-content\/uploads\/2024\/04\/seguridad_faldonv2-scaled.jpg\" data-object-fit=\"cover\" srcset=\"https:\/\/www.tbointernet.es\/wp-content\/uploads\/2024\/04\/seguridad_faldonv2-scaled.jpg 2560w, https:\/\/www.tbointernet.es\/wp-content\/uploads\/2024\/04\/seguridad_faldonv2-300x84.jpg 300w, https:\/\/www.tbointernet.es\/wp-content\/uploads\/2024\/04\/seguridad_faldonv2-1024x286.jpg 1024w, https:\/\/www.tbointernet.es\/wp-content\/uploads\/2024\/04\/seguridad_faldonv2-768x215.jpg 768w, https:\/\/www.tbointernet.es\/wp-content\/uploads\/2024\/04\/seguridad_faldonv2-1536x429.jpg 1536w, https:\/\/www.tbointernet.es\/wp-content\/uploads\/2024\/04\/seguridad_faldonv2-2048x572.jpg 2048w\" \/><div class=\"wp-block-cover__inner-container has-global-padding is-layout-constrained wp-block-cover-is-layout-constrained\">\n<h1 class=\"wp-block-heading has-text-align-center\">Ciberseguridad<\/h1>\n\n\n\n<p class=\"has-text-align-center has-large-font-size\" style=\"line-height:1.4\">Total Security PYME, dispone como servicios adicionales autentificaci\u00f3n multi factor MFA y WiFi seguro.<\/p>\n<\/div><\/div>\n\n\n\n<div class=\"wp-block-group alignfull has-base-2-background-color has-background has-global-padding is-layout-constrained wp-block-group-is-layout-constrained\">\n<div class=\"wp-block-group alignfull has-global-padding is-layout-constrained wp-block-group-is-layout-constrained\">\n<h2 class=\"wp-block-heading tw-sm-hidden tw-md-hidden tw-lg-hidden\">Documento de referencia sobre Ciberseguridad<\/h2>\n\n\n\n<div class=\"wp-block-buttons is-layout-flex wp-block-buttons-is-layout-flex\" style=\"margin-top:32px\">\n<div class=\"wp-block-button tw-lg-hidden tw-md-hidden tw-sm-hidden\"><a class=\"wp-block-button__link wp-element-button\">Descargar<\/a><\/div>\n<\/div>\n<\/div>\n<\/div>\n\n\n\n<p><\/p>\n","protected":false},"excerpt":{"rendered":"<p>Ciberseguridad Total Security PYME Una soluci\u00f3n completa, instalada, configurada y supervisada por nuestro equipo y especialmente dise\u00f1ada para proteger su PYME, de la mano de Watchguard. Prot\u00e9jase contra los ciberdelincuentes cumpliendo con la normativa GDPR. Nuestro Equipo Total Security Con la suite de total security estar\u00e1 protegido y actualizado. Estos son los servicios que incluimos: [&hellip;]<\/p>\n","protected":false},"author":2,"featured_media":0,"parent":48,"menu_order":1,"comment_status":"closed","ping_status":"closed","template":"page-no-title","meta":{"footnotes":""},"class_list":["post-258","page","type-page","status-publish","hentry"],"_links":{"self":[{"href":"https:\/\/www.tbointernet.es\/index.php\/wp-json\/wp\/v2\/pages\/258","targetHints":{"allow":["GET"]}}],"collection":[{"href":"https:\/\/www.tbointernet.es\/index.php\/wp-json\/wp\/v2\/pages"}],"about":[{"href":"https:\/\/www.tbointernet.es\/index.php\/wp-json\/wp\/v2\/types\/page"}],"author":[{"embeddable":true,"href":"https:\/\/www.tbointernet.es\/index.php\/wp-json\/wp\/v2\/users\/2"}],"replies":[{"embeddable":true,"href":"https:\/\/www.tbointernet.es\/index.php\/wp-json\/wp\/v2\/comments?post=258"}],"version-history":[{"count":84,"href":"https:\/\/www.tbointernet.es\/index.php\/wp-json\/wp\/v2\/pages\/258\/revisions"}],"predecessor-version":[{"id":543,"href":"https:\/\/www.tbointernet.es\/index.php\/wp-json\/wp\/v2\/pages\/258\/revisions\/543"}],"up":[{"embeddable":true,"href":"https:\/\/www.tbointernet.es\/index.php\/wp-json\/wp\/v2\/pages\/48"}],"wp:attachment":[{"href":"https:\/\/www.tbointernet.es\/index.php\/wp-json\/wp\/v2\/media?parent=258"}],"curies":[{"name":"wp","href":"https:\/\/api.w.org\/{rel}","templated":true}]}}