{"id":48,"date":"2024-03-14T11:22:24","date_gmt":"2024-03-14T11:22:24","guid":{"rendered":"http:\/\/www.tbointernet.ie\/?page_id=48"},"modified":"2024-05-22T18:12:56","modified_gmt":"2024-05-22T16:12:56","slug":"director-de-sistemas","status":"publish","type":"page","link":"https:\/\/www.tbointernet.es\/index.php\/director-de-sistemas\/","title":{"rendered":"Director de Sistemas"},"content":{"rendered":"\n<div class=\"wp-block-group alignfull has-accent-background-color has-background has-global-padding is-layout-constrained wp-container-core-group-is-layout-669513ed wp-block-group-is-layout-constrained\" style=\"margin-top:0;margin-bottom:0;padding-top:var(--wp--preset--spacing--50);padding-right:var(--wp--preset--spacing--50);padding-bottom:var(--wp--preset--spacing--50);padding-left:var(--wp--preset--spacing--50)\">\n<figure style=\"--tw-animation-delay:0.8s;\" class=\"wp-block-image alignwide size-full is-style-tw-rounded-corners tw-block-animation tw-animation-wipe-top tw-duration-5\"><img loading=\"lazy\" decoding=\"async\" width=\"1024\" height=\"569\" src=\"https:\/\/www.tbointernet.ie\/wp-content\/uploads\/2024\/04\/IT_pic_01IT_pic_02.webp\" alt=\"\" class=\"wp-image-304\" srcset=\"https:\/\/www.tbointernet.es\/wp-content\/uploads\/2024\/04\/IT_pic_01IT_pic_02.webp 1024w, https:\/\/www.tbointernet.es\/wp-content\/uploads\/2024\/04\/IT_pic_01IT_pic_02-300x167.webp 300w, https:\/\/www.tbointernet.es\/wp-content\/uploads\/2024\/04\/IT_pic_01IT_pic_02-768x427.webp 768w\" sizes=\"auto, (max-width: 1024px) 100vw, 1024px\" \/><\/figure>\n\n\n\n<div class=\"wp-block-columns alignwide is-layout-flex wp-container-core-columns-is-layout-d0b3c9c8 wp-block-columns-is-layout-flex\">\n<div class=\"wp-block-column is-layout-flow wp-block-column-is-layout-flow\" style=\"--col-width:40%;flex-basis:40%\">\n<p class=\"wp-container-content-0733e5d0\">Director de Sistemas<\/p>\n<\/div>\n\n\n\n<div class=\"wp-block-column is-layout-flow wp-block-column-is-layout-flow\" style=\"--col-width:60%;flex-basis:60%\">\n<p class=\"has-heading-font-family has-x-large-font-size\" style=\"line-height:1.2\">Externalizar a un responsable de TIC, tiene diferentes ventajas dependiendo de las circunstancias espec\u00edficas de una empresa. A continuaci\u00f3n se presentan algunas consideraciones sobre la importancia de externalizar una gesti\u00f3n de TI.<\/p>\n<\/div>\n<\/div>\n\n\n\n<div style=\"height:var(--wp--preset--spacing--40)\" aria-hidden=\"true\" class=\"wp-block-spacer\"><\/div>\n<\/div>\n\n\n\n<div class=\"wp-block-group alignfull has-base-background-color has-background has-global-padding is-layout-constrained wp-container-core-group-is-layout-d89aad35 wp-block-group-is-layout-constrained\" style=\"margin-top:0;margin-bottom:0;padding-top:var(--wp--preset--spacing--50);padding-right:var(--wp--preset--spacing--50);padding-bottom:var(--wp--preset--spacing--50);padding-left:var(--wp--preset--spacing--50)\">\n<div class=\"wp-block-columns alignwide is-layout-flex wp-container-core-columns-is-layout-7456c446 wp-block-columns-is-layout-flex\">\n<div class=\"wp-block-column has-global-padding is-content-justification-left is-layout-constrained wp-container-core-column-is-layout-4f15e8fe wp-block-column-is-layout-constrained\" style=\"--col-width:40%;flex-basis:40%\">\n<p>Nueva perspectiva: un Director de Sistemas externo<\/p>\n<\/div>\n\n\n\n<div class=\"wp-block-column is-layout-flow wp-container-core-column-is-layout-119bc444 wp-block-column-is-layout-flow\" style=\"--col-width:60%;flex-basis:60%\">\n<p class=\"has-heading-font-family has-x-large-font-size\" style=\"line-height:1.2\">Nuevas ideas y perspectivas que podr\u00edan  estar presentes dentro de su empresa. Pueden disponer experiencia en diversas industrias o empresas, lo que puede ser valioso para identificar e implementar soluciones innovadoras.<\/p>\n\n\n\n<div class=\"wp-block-columns is-layout-flex wp-container-core-columns-is-layout-adf2eb3b wp-block-columns-is-layout-flex\">\n<div class=\"wp-block-column is-layout-flow wp-block-column-is-layout-flow\">\n<p class=\"wp-container-content-9cfa9a5a\">Experiencia especializada en \u00e1reas como ciberseguridad, computaci\u00f3n en la nube o plataformas de software espec\u00edficas puede ser crucial para abordar desaf\u00edos t\u00e9cnicos complejos o guiar a la empresa a trav\u00e9s de la transformaci\u00f3n digital.<\/p>\n<\/div>\n\n\n\n<div class=\"wp-block-column is-layout-flow wp-block-column-is-layout-flow\">\n<p>Cuando la comunicaci\u00f3n fluye sin problemas entre departamentos y niveles jer\u00e1rquicos, se minimizan los malentendidos, se reduce la duplicaci\u00f3n de esfuerzos y se agilizan los procesos. Este flujo de trabajo optimizado conduce a una mayor productividad y eficiencia.<\/p>\n<\/div>\n<\/div>\n<\/div>\n<\/div>\n<\/div>\n\n\n\n<div class=\"wp-block-group alignfull has-base-2-background-color has-background has-global-padding is-layout-constrained wp-container-core-group-is-layout-669513ed wp-block-group-is-layout-constrained\" style=\"margin-top:0;margin-bottom:0;padding-top:var(--wp--preset--spacing--50);padding-right:var(--wp--preset--spacing--50);padding-bottom:var(--wp--preset--spacing--50);padding-left:var(--wp--preset--spacing--50)\">\n<div class=\"wp-block-columns alignwide is-layout-flex wp-container-core-columns-is-layout-e3f1d60f wp-block-columns-is-layout-flex\" style=\"margin-bottom:0\">\n<div class=\"wp-block-column has-accent-3-background-color has-text-color has-background has-link-color wp-elements-dde1e6c631890688e8c4ed86e20ccce8 is-layout-flow wp-block-column-is-layout-flow\" style=\"border-style:none;border-width:0px;color:#000000;padding-top:2em;padding-right:2em;padding-bottom:2em;padding-left:2em\">\n<h2 class=\"wp-block-heading\" id=\"single\" style=\"font-size:clamp(24.034px, 1.502rem + ((1vw - 3.2px) * 1.663), 40px);\"><strong>Ciberseguridad<\/strong><\/h2>\n\n\n\n<p class=\"has-normal-font-size\" style=\"line-height:1.5\"><strong>Dise\u00f1ada para proteger a la PYME.<\/strong> <\/p>\n\n\n\n<hr class=\"wp-block-separator has-text-color has-css-opacity has-background is-style-wide\" style=\"background-color:#000000;color:#000000\"\/>\n\n\n\n<ul class=\"has-normal-font-size wp-block-list\">\n<li>Control del tr\u00e1fico de su infraestructura de datos <\/li>\n\n\n\n<li>Informe mensual en detalle del tr\u00e1fico, eventos y resoluciones<\/li>\n\n\n\n<li>Protecci\u00f3n equipos itinerantes y trabajadores remotos<\/li>\n<\/ul>\n\n\n\n<div class=\"wp-block-buttons alignfull is-horizontal is-content-justification-center is-layout-flex wp-container-core-buttons-is-layout-03627597 wp-block-buttons-is-layout-flex\">\n<div class=\"wp-block-button has-custom-width wp-block-button__width-100\"><a class=\"wp-block-button__link has-white-color has-text-color has-background no-border-radius wp-element-button\" href=\"https:\/\/www.tbointernet.es\/index.php\/director-de-sistemas\/director-de-sistemas\/\" style=\"background-color:#000000\">Quiero saber m\u00e1s<\/a><\/div>\n<\/div>\n<\/div>\n\n\n\n<div class=\"wp-block-column has-accent-4-background-color has-text-color has-background has-link-color wp-elements-10b08bd64c5f30dffa80ca0a67c19929 is-layout-flow wp-block-column-is-layout-flow\" style=\"color:#000000;padding-top:2em;padding-right:2em;padding-bottom:2em;padding-left:2em\">\n<h2 class=\"wp-block-heading\" id=\"patron\" style=\"font-size:clamp(24.034px, 1.502rem + ((1vw - 3.2px) * 1.663), 40px);\">Comunicaciones<\/h2>\n\n\n\n<p class=\"has-normal-font-size\"><strong>Transporte de la informaci\u00f3n de forma efectiva.<\/strong><\/p>\n\n\n\n<hr class=\"wp-block-separator has-css-opacity is-style-wide\"\/>\n\n\n\n<ul class=\"has-normal-font-size wp-block-list\">\n<li>Gesti\u00f3n general de la infraestructura COM<\/li>\n\n\n\n<li>Internet, cableado, WiFi, enlaces y CPD<\/li>\n\n\n\n<li>Planes de dominio, hosting, CLOUD<\/li>\n<\/ul>\n\n\n\n<div class=\"wp-block-buttons alignfull is-horizontal is-content-justification-center is-layout-flex wp-container-core-buttons-is-layout-03627597 wp-block-buttons-is-layout-flex\">\n<div class=\"wp-block-button has-custom-width wp-block-button__width-100 tw-lg-hidden tw-md-hidden tw-sm-hidden\"><a class=\"wp-block-button__link has-white-color has-text-color has-background no-border-radius wp-element-button\" style=\"background-color:#000000\">Quiero saber m\u00e1s<\/a><\/div>\n<\/div>\n<\/div>\n<\/div>\n\n\n\n<div class=\"wp-block-columns alignwide is-layout-flex wp-container-core-columns-is-layout-e3f1d60f wp-block-columns-is-layout-flex\" style=\"margin-bottom:0\">\n<div class=\"wp-block-column is-style-tw-shadow has-accent-5-background-color has-text-color has-background has-link-color wp-elements-7e9e454c9c02a0329a14583ac070fbb6 is-layout-flow wp-block-column-is-layout-flow\" style=\"color:#000000;padding-top:2em;padding-right:2em;padding-bottom:2em;padding-left:2em\">\n<h2 class=\"wp-block-heading\" id=\"single\" style=\"font-size:clamp(24.034px, 1.502rem + ((1vw - 3.2px) * 1.663), 40px);\">Datos<\/h2>\n\n\n\n<p class=\"has-normal-font-size\" style=\"line-height:1.5\"><strong>La informaci\u00f3n m\u00e1s preciada, en el mejor soporte posible.<\/strong><\/p>\n\n\n\n<hr class=\"wp-block-separator has-text-color has-css-opacity has-background is-style-wide\" style=\"background-color:#000000;color:#000000\"\/>\n\n\n\n<ul class=\"has-normal-font-size wp-block-list\">\n<li>Infraestructuras de gesti\u00f3n de sus datos, local, remoto y data cloud<\/li>\n\n\n\n<li>Sistemas de copia de seguridad de alto nivel<\/li>\n\n\n\n<li>Microsoft 365, Google Workspace y Apple<\/li>\n<\/ul>\n\n\n\n<div class=\"wp-block-buttons alignfull is-horizontal is-content-justification-center is-layout-flex wp-container-core-buttons-is-layout-03627597 wp-block-buttons-is-layout-flex\">\n<div class=\"wp-block-button has-custom-width wp-block-button__width-100 tw-lg-hidden tw-md-hidden tw-sm-hidden\"><a class=\"wp-block-button__link has-white-color has-text-color has-background no-border-radius wp-element-button\" style=\"background-color:#000000\">Ampliar informaci\u00f3n<\/a><\/div>\n<\/div>\n<\/div>\n\n\n\n<div class=\"wp-block-column is-style-tw-shadow has-text-color has-background has-link-color wp-elements-043211a253263114c000a8820e827de5 is-layout-flow wp-block-column-is-layout-flow\" style=\"color:#000000;background-color:#c0ebf1;padding-top:2em;padding-right:2em;padding-bottom:2em;padding-left:2em\">\n<h2 class=\"wp-block-heading\" id=\"patron\" style=\"font-size:clamp(24.034px, 1.502rem + ((1vw - 3.2px) * 1.663), 40px);\">Soporte<\/h2>\n\n\n\n<p class=\"has-normal-font-size\"><strong>Lleve el soporte al siguiente nivel.<\/strong><\/p>\n\n\n\n<hr class=\"wp-block-separator has-css-opacity is-style-wide\"\/>\n\n\n\n<ul class=\"has-normal-font-size wp-block-list\">\n<li>Help Desk ayuda al usuario modalidad &#8220;Best Effort&#8221; 8&#215;5<\/li>\n\n\n\n<li>Herramienta con toda la informaci\u00f3n TIC a su disposici\u00f3n<\/li>\n\n\n\n<li>Soluciones proactivas y seguimiento de soporte continuo.<\/li>\n<\/ul>\n\n\n\n<div class=\"wp-block-buttons alignfull is-horizontal is-content-justification-center is-layout-flex wp-container-core-buttons-is-layout-03627597 wp-block-buttons-is-layout-flex\">\n<div class=\"wp-block-button has-custom-width wp-block-button__width-100 tw-lg-hidden tw-md-hidden tw-sm-hidden\"><a class=\"wp-block-button__link has-white-color has-text-color has-background no-border-radius wp-element-button\" style=\"background-color:#000000\">Sigue leyendo<\/a><\/div>\n<\/div>\n<\/div>\n<\/div>\n\n\n\n<div style=\"margin-top:0;margin-bottom:0;height:var(--wp--preset--spacing--40)\" aria-hidden=\"true\" class=\"wp-block-spacer\"><\/div>\n\n\n\n<div style=\"height:var(--wp--preset--spacing--20)\" aria-hidden=\"true\" class=\"wp-block-spacer\"><\/div>\n\n\n\n<h2 class=\"wp-block-heading has-text-align-center\">Personal externo y tomas de decisiones objetiva<\/h2>\n\n\n\n<div class=\"wp-block-cover alignfull is-light is-style-default has-contrast-color has-text-color has-medium-font-size tw-block-animation tw-animation-scale-in tw-duration-5\" style=\"--tw-animation-delay:1s;min-height:500px;aspect-ratio:unset;\"><span aria-hidden=\"true\" class=\"wp-block-cover__background has-base-2-background-color has-background-dim-80 has-background-dim\"><\/span><img loading=\"lazy\" decoding=\"async\" width=\"1600\" height=\"877\" sizes=\"auto, (max-width: 799px) 200vw,(max-width: 1600px) 100vw,1600px\" class=\"wp-block-cover__image-background wp-image-326\" alt=\"\" src=\"https:\/\/www.tbointernet.ie\/wp-content\/uploads\/2024\/04\/IT_pic_03.jpg\" data-object-fit=\"cover\" srcset=\"https:\/\/www.tbointernet.es\/wp-content\/uploads\/2024\/04\/IT_pic_03.jpg 1600w, https:\/\/www.tbointernet.es\/wp-content\/uploads\/2024\/04\/IT_pic_03-300x164.jpg 300w, https:\/\/www.tbointernet.es\/wp-content\/uploads\/2024\/04\/IT_pic_03-1024x561.jpg 1024w, https:\/\/www.tbointernet.es\/wp-content\/uploads\/2024\/04\/IT_pic_03-768x421.jpg 768w, https:\/\/www.tbointernet.es\/wp-content\/uploads\/2024\/04\/IT_pic_03-1536x842.jpg 1536w\" \/><div class=\"wp-block-cover__inner-container has-global-padding is-layout-constrained wp-block-cover-is-layout-constrained\">\n<p style=\"font-style:normal;font-weight:500\"><\/p>\n\n\n\n<p>Los beneficios a largo plazo en t\u00e9rminos de mayor eficiencia, reducci\u00f3n del riesgo y mejor alineaci\u00f3n estrat\u00e9gica pueden compensar estos gastos iniciales. <\/p>\n\n\n\n<p>Los administradores de TI externos no son influenciados por pol\u00edticas o prejuicios internos. Pueden tomar decisiones basadas en evaluaciones objetivas de las necesidades y capacidades de la organizaci\u00f3n, lo que potencialmente conducir\u00e1 a estrategias de TI m\u00e1s eficientes y efectivas<\/p>\n<\/div><\/div>\n\n\n\n<div class=\"wp-block-columns alignwide is-layout-flex wp-container-core-columns-is-layout-daba214b wp-block-columns-is-layout-flex\">\n<div class=\"wp-block-column is-layout-flow wp-block-column-is-layout-flow\"><\/div>\n\n\n\n<div class=\"wp-block-column is-layout-flow wp-block-column-is-layout-flow\"><\/div>\n<\/div>\n<\/div>\n\n\n\n<div class=\"wp-block-group alignfull has-base-color has-contrast-background-color has-text-color has-background has-global-padding is-layout-constrained wp-container-core-group-is-layout-ef3d885c wp-block-group-is-layout-constrained\" style=\"margin-top:0;margin-bottom:0;padding-top:var(--wp--preset--spacing--60);padding-right:var(--wp--preset--spacing--60);padding-bottom:var(--wp--preset--spacing--60);padding-left:var(--wp--preset--spacing--60)\">\n<div class=\"wp-block-group has-global-padding is-layout-constrained wp-block-group-is-layout-constrained\">\n<p class=\"has-text-align-center has-base-color has-text-color has-heading-font-family has-x-large-font-size\" style=\"line-height:1.2\"><em>\u201cNuestra gesti\u00f3n inform\u00e1tica ha sido dirigida por TBO de forma magistral, asesoramiento y gesti\u00f3n de primer nivel. Llevan con nosotros m\u00e1s de 10 a\u00f1os y esperamos que sean muchos m\u00e1s de aqu\u00ed en adelante .\u201d<\/em><\/p>\n\n\n\n<div style=\"height:var(--wp--preset--spacing--10)\" aria-hidden=\"true\" class=\"wp-block-spacer\"><\/div>\n\n\n\n<div class=\"wp-block-group is-vertical is-content-justification-center is-nowrap is-layout-flex wp-container-core-group-is-layout-2dc08cea wp-block-group-is-layout-flex\">\n\n\n<p class=\"has-text-align-center\" style=\"margin-top:var(--wp--preset--spacing--10);margin-bottom:0\">Miguel Araunabe\u00f1a<\/p>\n\n\n\n<p class=\"has-text-align-center has-contrast-3-color has-text-color has-small-font-size\" style=\"font-style:normal;font-weight:300\">CEO y fundador de Arauber Consultores<\/p>\n<\/div>\n<\/div>\n<\/div>\n\n\n\n<p><\/p>\n\n\n\n<h2 class=\"wp-block-heading has-text-align-center\">\u00bfQuiere saber m\u00e1s?<\/h2>\n\n\n\n<p class=\"has-text-align-center\">Buenas noticias, si ha llegado hasta aqu\u00ed, est\u00e1 a un paso de impulsar su empresa, contacte con nosotros, cu\u00e9ntenos su proyecto y  le haremos llegar una propuesta personalizada. \u00a1Let\u00b4s go! queremos ser su Director de Sistemas.<\/p>\n\n\n\n<div class=\"wp-block-buttons is-content-justification-center is-layout-flex wp-container-core-buttons-is-layout-e7f25eb7 wp-block-buttons-is-layout-flex\" style=\"margin-top:32px\">\n<div class=\"wp-block-button\"><a class=\"wp-block-button__link wp-element-button\" href=\"https:\/\/www.tbointernet.es\/index.php\/formulario\/\">Formulario<\/a><\/div>\n<\/div>\n\n\n\n<p><\/p>\n\n\n\n<p><\/p>\n\n\n\n<div class=\"wp-block-group has-global-padding is-layout-constrained wp-block-group-is-layout-constrained\"><\/div>\n","protected":false},"excerpt":{"rendered":"<p>Director de Sistemas Externalizar a un responsable de TIC, tiene diferentes ventajas dependiendo de las circunstancias espec\u00edficas de una empresa. A continuaci\u00f3n se presentan algunas consideraciones sobre la importancia de externalizar una gesti\u00f3n de TI. Nueva perspectiva: un Director de Sistemas externo Nuevas ideas y perspectivas que podr\u00edan estar presentes dentro de su empresa. Pueden [&hellip;]<\/p>\n","protected":false},"author":2,"featured_media":0,"parent":0,"menu_order":0,"comment_status":"closed","ping_status":"closed","template":"page-no-title","meta":{"footnotes":""},"class_list":["post-48","page","type-page","status-publish","hentry"],"_links":{"self":[{"href":"https:\/\/www.tbointernet.es\/index.php\/wp-json\/wp\/v2\/pages\/48","targetHints":{"allow":["GET"]}}],"collection":[{"href":"https:\/\/www.tbointernet.es\/index.php\/wp-json\/wp\/v2\/pages"}],"about":[{"href":"https:\/\/www.tbointernet.es\/index.php\/wp-json\/wp\/v2\/types\/page"}],"author":[{"embeddable":true,"href":"https:\/\/www.tbointernet.es\/index.php\/wp-json\/wp\/v2\/users\/2"}],"replies":[{"embeddable":true,"href":"https:\/\/www.tbointernet.es\/index.php\/wp-json\/wp\/v2\/comments?post=48"}],"version-history":[{"count":83,"href":"https:\/\/www.tbointernet.es\/index.php\/wp-json\/wp\/v2\/pages\/48\/revisions"}],"predecessor-version":[{"id":703,"href":"https:\/\/www.tbointernet.es\/index.php\/wp-json\/wp\/v2\/pages\/48\/revisions\/703"}],"wp:attachment":[{"href":"https:\/\/www.tbointernet.es\/index.php\/wp-json\/wp\/v2\/media?parent=48"}],"curies":[{"name":"wp","href":"https:\/\/api.w.org\/{rel}","templated":true}]}}